{"id":78,"date":"2025-08-21T15:19:31","date_gmt":"2025-08-21T13:19:31","guid":{"rendered":"https:\/\/izboristaging.omnihost.dev\/xk\/?page_id=78"},"modified":"2025-09-02T16:06:01","modified_gmt":"2025-09-02T14:06:01","slug":"impressum","status":"publish","type":"page","link":"https:\/\/izbori.media.ba\/xk\/impressum\/","title":{"rendered":"Impressum"},"content":{"rendered":"\n<p><strong>Titulli<\/strong>:<br>Udh\u00ebzues p\u00ebr raportimin e zgjedhjeve n\u00eb Kosov\u00eb &#8211; K\u00ebshilla dhe burime<\/p>\n\n\n\n<p><strong>Botuesi<\/strong>:<br>Mediacentar Sarajev\u00eb<\/p>\n\n\n\n<p><strong>Adresa<\/strong>:<br>Ko\u0161evo 26, 71000 Sarajev\u00eb, Bosnj\u00eb dhe Hercegovin\u00eb<\/p>\n\n\n\n<p><strong>P\u00ebr botuesin:<\/strong><br>Borislav Konti\u0107<\/p>\n\n\n\n<p><strong>Autore:<\/strong><br>Gentiana Pa\u00e7arizi<\/p>\n\n\n\n<p><strong>Rishikim nga koleg\u00ebt:<\/strong><br>Jeton Mehmeti<\/p>\n\n\n\n<p><strong>Redaktor: <\/strong><br>Aida Nadarevi\u0107<br><br><strong>P\u00ebrkthim nga anglishtja n\u00eb shqip<\/strong>:<br>Aulone Kadriu<br><br><strong>Dizajni grafik dhe p\u00ebrgatitja p\u00ebr shtyp:<\/strong><br>Sanja Vrzi\u0107<\/p>\n","protected":false},"excerpt":{"rendered":"<p>Titulli:Udh\u00ebzues p\u00ebr raportimin e zgjedhjeve n\u00eb Kosov\u00eb &#8211; K\u00ebshilla dhe burime Botuesi:Mediacentar Sarajev\u00eb Adresa:Ko\u0161evo 26, 71000 Sarajev\u00eb, Bosnj\u00eb dhe Hercegovin\u00eb P\u00ebr botuesin:Borislav Konti\u0107 Autore:Gentiana Pa\u00e7arizi Rishikim nga koleg\u00ebt:Jeton Mehmeti Redaktor: Aida Nadarevi\u0107 P\u00ebrkthim nga anglishtja n\u00eb shqip:Aulone Kadriu Dizajni grafik dhe p\u00ebrgatitja p\u00ebr shtyp:Sanja Vrzi\u0107<\/p>\n","protected":false},"author":1,"featured_media":0,"parent":0,"menu_order":0,"comment_status":"closed","ping_status":"closed","template":"","meta":{"_acf_changed":false,"inline_featured_image":false,"footnotes":""},"class_list":["post-78","page","type-page","status-publish","hentry"],"acf":[],"yoast_head":"<!-- This site is optimized with the Yoast SEO plugin v27.2 - https:\/\/yoast.com\/product\/yoast-seo-wordpress\/ -->\n<title>Impressum - Udh\u00ebzues p\u00ebr raportimin e zgjedhjeve - XK<\/title>\n<meta name=\"robots\" content=\"index, follow, max-snippet:-1, max-image-preview:large, max-video-preview:-1\" \/>\n<link rel=\"canonical\" href=\"https:\/\/izbori.media.ba\/xk\/impressum\/\" \/>\n<meta property=\"og:locale\" content=\"bs_BA\" \/>\n<meta property=\"og:type\" content=\"article\" \/>\n<meta property=\"og:title\" content=\"Impressum - Udh\u00ebzues p\u00ebr raportimin e zgjedhjeve - XK\" \/>\n<meta property=\"og:description\" content=\"Titulli:Udh\u00ebzues p\u00ebr raportimin e zgjedhjeve n\u00eb Kosov\u00eb &#8211; K\u00ebshilla dhe burime Botuesi:Mediacentar Sarajev\u00eb Adresa:Ko\u0161evo 26, 71000 Sarajev\u00eb, Bosnj\u00eb dhe Hercegovin\u00eb P\u00ebr botuesin:Borislav Konti\u0107 Autore:Gentiana Pa\u00e7arizi Rishikim nga koleg\u00ebt:Jeton Mehmeti Redaktor: Aida Nadarevi\u0107 P\u00ebrkthim nga anglishtja n\u00eb shqip:Aulone Kadriu Dizajni grafik dhe p\u00ebrgatitja p\u00ebr shtyp:Sanja Vrzi\u0107\" \/>\n<meta property=\"og:url\" content=\"https:\/\/izbori.media.ba\/xk\/impressum\/\" \/>\n<meta property=\"og:site_name\" content=\"Udh\u00ebzues p\u00ebr raportimin e zgjedhjeve - XK\" \/>\n<meta property=\"article:modified_time\" content=\"2025-09-02T14:06:01+00:00\" \/>\n<meta name=\"twitter:card\" content=\"summary_large_image\" \/>\n<meta name=\"twitter:label1\" content=\"Est. reading time\" \/>\n\t<meta name=\"twitter:data1\" content=\"1 minuta\" \/>\n<script type=\"application\/ld+json\" class=\"yoast-schema-graph\">{\"@context\":\"https:\/\/schema.org\",\"@graph\":[{\"@type\":\"WebPage\",\"@id\":\"https:\/\/izbori.media.ba\/xk\/impressum\/\",\"url\":\"https:\/\/izbori.media.ba\/xk\/impressum\/\",\"name\":\"Impressum - Udh\u00ebzues p\u00ebr raportimin e zgjedhjeve - XK\",\"isPartOf\":{\"@id\":\"https:\/\/izbori.media.ba\/xk\/#website\"},\"datePublished\":\"2025-08-21T13:19:31+00:00\",\"dateModified\":\"2025-09-02T14:06:01+00:00\",\"breadcrumb\":{\"@id\":\"https:\/\/izbori.media.ba\/xk\/impressum\/#breadcrumb\"},\"inLanguage\":\"bs-BA\",\"potentialAction\":[{\"@type\":\"ReadAction\",\"target\":[\"https:\/\/izbori.media.ba\/xk\/impressum\/\"]}]},{\"@type\":\"BreadcrumbList\",\"@id\":\"https:\/\/izbori.media.ba\/xk\/impressum\/#breadcrumb\",\"itemListElement\":[{\"@type\":\"ListItem\",\"position\":1,\"name\":\"Home\",\"item\":\"https:\/\/izbori.media.ba\/xk\/\"},{\"@type\":\"ListItem\",\"position\":2,\"name\":\"Impressum\"}]},{\"@type\":\"WebSite\",\"@id\":\"https:\/\/izbori.media.ba\/xk\/#website\",\"url\":\"https:\/\/izbori.media.ba\/xk\/\",\"name\":\"Udh\u00ebzues p\u00ebr raportimin e zgjedhjeve - XK\",\"description\":\"XK\",\"potentialAction\":[{\"@type\":\"SearchAction\",\"target\":{\"@type\":\"EntryPoint\",\"urlTemplate\":\"https:\/\/izbori.media.ba\/xk\/?s={search_term_string}\"},\"query-input\":{\"@type\":\"PropertyValueSpecification\",\"valueRequired\":true,\"valueName\":\"search_term_string\"}}],\"inLanguage\":\"bs-BA\"}]}<\/script>\n<!-- \/ Yoast SEO plugin. -->","yoast_head_json":{"title":"Impressum - Udh\u00ebzues p\u00ebr raportimin e zgjedhjeve - XK","robots":{"index":"index","follow":"follow","max-snippet":"max-snippet:-1","max-image-preview":"max-image-preview:large","max-video-preview":"max-video-preview:-1"},"canonical":"https:\/\/izbori.media.ba\/xk\/impressum\/","og_locale":"bs_BA","og_type":"article","og_title":"Impressum - Udh\u00ebzues p\u00ebr raportimin e zgjedhjeve - XK","og_description":"Titulli:Udh\u00ebzues p\u00ebr raportimin e zgjedhjeve n\u00eb Kosov\u00eb &#8211; K\u00ebshilla dhe burime Botuesi:Mediacentar Sarajev\u00eb Adresa:Ko\u0161evo 26, 71000 Sarajev\u00eb, Bosnj\u00eb dhe Hercegovin\u00eb P\u00ebr botuesin:Borislav Konti\u0107 Autore:Gentiana Pa\u00e7arizi Rishikim nga koleg\u00ebt:Jeton Mehmeti Redaktor: Aida Nadarevi\u0107 P\u00ebrkthim nga anglishtja n\u00eb shqip:Aulone Kadriu Dizajni grafik dhe p\u00ebrgatitja p\u00ebr shtyp:Sanja Vrzi\u0107","og_url":"https:\/\/izbori.media.ba\/xk\/impressum\/","og_site_name":"Udh\u00ebzues p\u00ebr raportimin e zgjedhjeve - XK","article_modified_time":"2025-09-02T14:06:01+00:00","twitter_card":"summary_large_image","twitter_misc":{"Est. reading time":"1 minuta"},"schema":{"@context":"https:\/\/schema.org","@graph":[{"@type":"WebPage","@id":"https:\/\/izbori.media.ba\/xk\/impressum\/","url":"https:\/\/izbori.media.ba\/xk\/impressum\/","name":"Impressum - Udh\u00ebzues p\u00ebr raportimin e zgjedhjeve - XK","isPartOf":{"@id":"https:\/\/izbori.media.ba\/xk\/#website"},"datePublished":"2025-08-21T13:19:31+00:00","dateModified":"2025-09-02T14:06:01+00:00","breadcrumb":{"@id":"https:\/\/izbori.media.ba\/xk\/impressum\/#breadcrumb"},"inLanguage":"bs-BA","potentialAction":[{"@type":"ReadAction","target":["https:\/\/izbori.media.ba\/xk\/impressum\/"]}]},{"@type":"BreadcrumbList","@id":"https:\/\/izbori.media.ba\/xk\/impressum\/#breadcrumb","itemListElement":[{"@type":"ListItem","position":1,"name":"Home","item":"https:\/\/izbori.media.ba\/xk\/"},{"@type":"ListItem","position":2,"name":"Impressum"}]},{"@type":"WebSite","@id":"https:\/\/izbori.media.ba\/xk\/#website","url":"https:\/\/izbori.media.ba\/xk\/","name":"Udh\u00ebzues p\u00ebr raportimin e zgjedhjeve - XK","description":"XK","potentialAction":[{"@type":"SearchAction","target":{"@type":"EntryPoint","urlTemplate":"https:\/\/izbori.media.ba\/xk\/?s={search_term_string}"},"query-input":{"@type":"PropertyValueSpecification","valueRequired":true,"valueName":"search_term_string"}}],"inLanguage":"bs-BA"}]}},"_links":{"self":[{"href":"https:\/\/izbori.media.ba\/xk\/wp-json\/wp\/v2\/pages\/78","targetHints":{"allow":["GET"]}}],"collection":[{"href":"https:\/\/izbori.media.ba\/xk\/wp-json\/wp\/v2\/pages"}],"about":[{"href":"https:\/\/izbori.media.ba\/xk\/wp-json\/wp\/v2\/types\/page"}],"author":[{"embeddable":true,"href":"https:\/\/izbori.media.ba\/xk\/wp-json\/wp\/v2\/users\/1"}],"replies":[{"embeddable":true,"href":"https:\/\/izbori.media.ba\/xk\/wp-json\/wp\/v2\/comments?post=78"}],"version-history":[{"count":2,"href":"https:\/\/izbori.media.ba\/xk\/wp-json\/wp\/v2\/pages\/78\/revisions"}],"predecessor-version":[{"id":165,"href":"https:\/\/izbori.media.ba\/xk\/wp-json\/wp\/v2\/pages\/78\/revisions\/165"}],"wp:attachment":[{"href":"https:\/\/izbori.media.ba\/xk\/wp-json\/wp\/v2\/media?parent=78"}],"curies":[{"name":"wp","href":"https:\/\/api.w.org\/{rel}","templated":true}]}}

<p><strong>Titulli</strong>:<br>Udhëzues për raportimin e zgjedhjeve në Kosovë &#8211; Këshilla dhe burime</p>



<p><strong>Botuesi</strong>:<br>Mediacentar Sarajevë</p>



<p><strong>Adresa</strong>:<br>Koševo 26, 71000 Sarajevë, Bosnjë dhe Hercegovinë</p>



<p><strong>Për botuesin:</strong><br>Borislav Kontić</p>



<p><strong>Autore:</strong><br>Gentiana Paçarizi</p>



<p><strong>Rishikim nga kolegët:</strong><br>Jeton Mehmeti</p>



<p><strong>Redaktor: </strong><br>Aida Nadarević<br><br><strong>Përkthim nga anglishtja në shqip</strong>:<br>Aulone Kadriu<br><br><strong>Dizajni grafik dhe përgatitja për shtyp:</strong><br>Sanja Vrzić</p>

<p>Titulli:Udhëzues për raportimin e zgjedhjeve në Kosovë &#8211; Këshilla dhe burime Botuesi:Mediacentar Sarajevë Adresa:Koševo 26, 71000 Sarajevë, Bosnjë dhe Hercegovinë Për botuesin:Borislav Kontić Autore:Gentiana Paçarizi Rishikim nga kolegët:Jeton Mehmeti Redaktor: Aida Nadarević Përkthim nga anglishtja në shqip:Aulone Kadriu Dizajni grafik dhe përgatitja për shtyp:Sanja Vrzić</p>

<!-- This site is optimized with the Yoast SEO plugin v27.2 - https://yoast.com/product/yoast-seo-wordpress/ -->
<title>Impressum - Udhëzues për raportimin e zgjedhjeve - XK</title>
<meta name="robots" content="index, follow, max-snippet:-1, max-image-preview:large, max-video-preview:-1" />
<link rel="canonical" href="https://izbori.media.ba/xk/impressum/" />
<meta property="og:locale" content="bs_BA" />
<meta property="og:type" content="article" />
<meta property="og:title" content="Impressum - Udhëzues për raportimin e zgjedhjeve - XK" />
<meta property="og:description" content="Titulli:Udhëzues për raportimin e zgjedhjeve në Kosovë &#8211; Këshilla dhe burime Botuesi:Mediacentar Sarajevë Adresa:Koševo 26, 71000 Sarajevë, Bosnjë dhe Hercegovinë Për botuesin:Borislav Kontić Autore:Gentiana Paçarizi Rishikim nga kolegët:Jeton Mehmeti Redaktor: Aida Nadarević Përkthim nga anglishtja në shqip:Aulone Kadriu Dizajni grafik dhe përgatitja për shtyp:Sanja Vrzić" />
<meta property="og:url" content="https://izbori.media.ba/xk/impressum/" />
<meta property="og:site_name" content="Udhëzues për raportimin e zgjedhjeve - XK" />
<meta property="article:modified_time" content="2025-09-02T14:06:01+00:00" />
<meta name="twitter:card" content="summary_large_image" />
<meta name="twitter:label1" content="Est. reading time" />
	<meta name="twitter:data1" content="1 minuta" />
<script type="application/ld+json" class="yoast-schema-graph">{"@context":"https://schema.org","@graph":[{"@type":"WebPage","@id":"https://izbori.media.ba/xk/impressum/","url":"https://izbori.media.ba/xk/impressum/","name":"Impressum - Udhëzues për raportimin e zgjedhjeve - XK","isPartOf":{"@id":"https://izbori.media.ba/xk/#website"},"datePublished":"2025-08-21T13:19:31+00:00","dateModified":"2025-09-02T14:06:01+00:00","breadcrumb":{"@id":"https://izbori.media.ba/xk/impressum/#breadcrumb"},"inLanguage":"bs-BA","potentialAction":[{"@type":"ReadAction","target":["https://izbori.media.ba/xk/impressum/"]}]},{"@type":"BreadcrumbList","@id":"https://izbori.media.ba/xk/impressum/#breadcrumb","itemListElement":[{"@type":"ListItem","position":1,"name":"Home","item":"https://izbori.media.ba/xk/"},{"@type":"ListItem","position":2,"name":"Impressum"}]},{"@type":"WebSite","@id":"https://izbori.media.ba/xk/#website","url":"https://izbori.media.ba/xk/","name":"Udhëzues për raportimin e zgjedhjeve - XK","description":"XK","potentialAction":[{"@type":"SearchAction","target":{"@type":"EntryPoint","urlTemplate":"https://izbori.media.ba/xk/?s={search_term_string}"},"query-input":{"@type":"PropertyValueSpecification","valueRequired":true,"valueName":"search_term_string"}}],"inLanguage":"bs-BA"}]}</script>
<!-- / Yoast SEO plugin. -->

Impressum - Udhëzues për raportimin e zgjedhjeve - XK

Titulli:Udhëzues për raportimin e zgjedhjeve në Kosovë &#8211; Këshilla dhe burime Botuesi:Mediacentar Sarajevë Adresa:Koševo 26, 71000 Sarajevë, Bosnjë dhe Hercegovinë Për botuesin:Borislav Kontić Autore:Gentiana Paçarizi Rishikim nga kolegët:Jeton Mehmeti Redaktor: Aida Nadarević Përkthim nga anglishtja në shqip:Aulone Kadriu Dizajni grafik dhe përgatitja për shtyp:Sanja Vrzić

Udhëzues për raportimin e zgjedhjeve - XK
